{"id":2,"date":"2023-11-05T10:17:20","date_gmt":"2023-11-05T10:17:20","guid":{"rendered":"https:\/\/www.aldonazawada.com\/?page_id=2"},"modified":"2023-11-09T07:08:54","modified_gmt":"2023-11-09T07:08:54","slug":"sample-page","status":"publish","type":"page","link":"https:\/\/www.aldonazawada.com\/index.php\/sample-page\/","title":{"rendered":"Moje publikacje"},"content":{"rendered":"\n<h2 class=\"wp-block-heading\">Wysokie Obcasy<\/h2>\n\n\n\n<ul class=\"wp-block-list\">\n<li><strong><a rel=\"noreferrer noopener\" href=\"https:\/\/extra.wyborcza.pl\/50smialych2020\/48\/\" target=\"_blank\">\u015aMIA\u0141E 2020 &#8211; Polki, kt\u00f3re si\u0119 zbuntowa\u0142y<\/a>&nbsp;<\/strong><\/li>\n<\/ul>\n\n\n\n<h2 class=\"wp-block-heading\">Ofeminin<\/h2>\n\n\n\n<ul class=\"wp-block-list\">\n<li><a rel=\"noreferrer noopener\" href=\"https:\/\/www.ofeminin.pl\/swiat-kobiet\/to-dla-nas-wazne\/diagnoza-raka-trzonu-macicy-a-potem-histerektomia-35-latka-o-swojej-walce\/gtxz3gs?fbclid=IwAR2oiGNK1VUvjixkVKOTPdzAOSdjVUCxYY8jgcrjrzVDtGAPG7hd66QIkFA\" target=\"_blank\">\u200bMam trzydzie\u015bci pi\u0119\u0107 lat, nie mam dzieci, mam raka trzonu macicy<\/a>.<\/li>\n\n\n\n<li><a rel=\"noreferrer noopener\" href=\"https:\/\/www.ofeminin.pl\/fitness-i-zdrowie\/zdrowie\/zachorowala-na-raka-z-pomoca-przyszlo-totemiczne-zwierze\/tgx05pc\" target=\"_blank\">Zachorowa\u0142a na raka. Z pomoc\u0105 przysz\u0142o totemiczne zwierz\u0119.<\/a><\/li>\n\n\n\n<li><a rel=\"noreferrer noopener\" href=\"http:\/\/www.ofeminin.pl\/swiat-kobiet\/usunelam-macice-ale-nadal-czuje-instynkt-macierzynski\/13s6k0h\" target=\"_blank\">Usun\u0119\u0142am macic\u0119, \u017ceby ratowa\u0107 \u017cycie. Nadal czuj\u0119 energi\u0119 matki.&nbsp;<\/a><\/li>\n<\/ul>\n\n\n\n<h2 class=\"wp-block-heading\">Anywhere<\/h2>\n\n\n\n<ul class=\"wp-block-list\">\n<li><strong>Her Love Territory<\/strong> &#8211; cykl felieton\u00f3w<\/li>\n\n\n\n<li><strong><a rel=\"noreferrer noopener\" href=\"https:\/\/www.anywhere.pl\/71716\/mozesz-byc-ladna-mozesz-byc-zabawna-mozesz-nawet-byc-madra-ale-to-wcale-nie-oznacza-ze-interesuje-mnie-to-co-masz-do-powiedzenia-czyli-toskanskie-la-dolce-vita\/\" target=\"_blank\">Mo\u017cesz by\u0107 \u0142adna, mo\u017cesz by\u0107 zabawna, mo\u017cesz nawet by\u0107 m\u0105dra, ale to wcale nie oznacza, \u017ce interesuje mnie to, co masz do powiedzenia &#8211; czyli toska\u0144skie la dolce vita<\/a><\/strong><\/li>\n\n\n\n<li><strong><a rel=\"noreferrer noopener\" href=\"https:\/\/www.anywhere.pl\/70283\/szarpiac-moje-cztery-struny-czyli-romans-z-muzykiem-i-skala-uczuc-prosto-z-piany-oceanu-indyjskiego\/\" target=\"_blank\">Szarpi\u0105c moje cztery struny &#8211; czyli romans z muzykiem i skala uczu\u0107 prosto z piany Oceanu Indyjskiego.<\/a><\/strong><\/li>\n\n\n\n<li><strong><a rel=\"noreferrer noopener\" href=\"https:\/\/www.anywhere.pl\/68376\/wszystkie-ryski-to-porzadne-chlopy-czyli-polski-mezczyzna-pod-emocjonalna-lupa\/\" target=\"_blank\">&#8222;Wszystkie Ry\u015bki to porz\u0105dne ch\u0142opy.&#8221; &#8211; czyli polski m\u0119\u017cczyzna pod emocjonaln\u0105 lup\u0105.<\/a><\/strong><\/li>\n\n\n\n<li><strong><a rel=\"noreferrer noopener\" href=\"https:\/\/www.anywhere.pl\/67417\/her-love-territory-sine-oko-nazara-czyli-jak-spojrzenie-moze-skruszyc-najtwardsze-ze-skal\/\" target=\"_blank\">Sine oko Nazara &#8211; czyli jak spojrzenie mo\u017ce skruszy\u0107 najtwardsze ze ska\u0142.<\/a><\/strong><\/li>\n\n\n\n<li><strong><a rel=\"noreferrer noopener\" href=\"https:\/\/www.anywhere.pl\/65755\/her-love-territory\/\" target=\"_blank\">Zbuntowana niewolnica Isaura, kt\u00f3ra zosta\u0142a anio\u0142em &#8211; czyli o tym jak prawie zosta\u0142am gwiazd\u0105 po\u0142udniowoameryka\u0144skiej telenoweli.<\/a><\/strong><\/li>\n<\/ul>\n\n\n\n<ul class=\"wp-block-list\">\n<li><a rel=\"noreferrer noopener\" href=\"https:\/\/www.anywhere.pl\/63464\/o-obrotach-cial-niebieskich\/\" target=\"_blank\">O obrotach cia\u0142 niebieskich&nbsp;<\/a><\/li>\n\n\n\n<li><a rel=\"noreferrer noopener\" href=\"https:\/\/www.anywhere.pl\/63850\/newsfalszywybolprawdziwy\/\" target=\"_blank\">\u200b#NEWSFA\u0141SZYWYB\u00d3LPRAWDZIWY<\/a><\/li>\n\n\n\n<li><a rel=\"noreferrer noopener\" href=\"https:\/\/www.anywhere.pl\/62615\/pol-zartem-pol-serio\/\" target=\"_blank\">\u200bP\u00f3\u0142 \u017cartem, p\u00f3\u0142 serio&nbsp;<\/a><\/li>\n\n\n\n<li><a rel=\"noreferrer noopener\" href=\"https:\/\/www.anywhere.pl\/62246\/zanieczyszczona-dzwiekiem\/\" target=\"_blank\">\u200bZanieczyszczona d\u017awi\u0119kiem&nbsp;<\/a><\/li>\n<\/ul>\n\n\n\n<h2 class=\"wp-block-heading\">Wywiady: <\/h2>\n\n\n\n<ul class=\"wp-block-list\">\n<li><a rel=\"noreferrer noopener\" href=\"https:\/\/youtu.be\/shkP7CeIckw\" target=\"_blank\"><strong>Moh<\/strong>!&nbsp;<\/a><strong><a rel=\"noreferrer noopener\" href=\"https:\/\/youtu.be\/shkP7CeIckw\" target=\"_blank\">Kouyate &#8211; wywiad dla Festiwalu Skrzy\u017cowanie Kultur&nbsp;<\/a><\/strong><\/li>\n\n\n\n<li><strong><a rel=\"noreferrer noopener\" href=\"https:\/\/youtu.be\/Kq9x48-KhB8\" target=\"_blank\">Oum &#8211; wywiad dla Festiwalu Skrzy\u017cowanie Kultur&nbsp;<\/a><\/strong><\/li>\n\n\n\n<li><a rel=\"noreferrer noopener\" href=\"https:\/\/www.anywhere.pl\/70980\/bezresztek-czyli-wiecej-gotuj-mniej-wyrzucaj-z-jagna-niedzielska-rozmawiamy-nie-tylko-o-kuchni\/\" target=\"_blank\">#BEZRESZTEK, czyli wi\u0119cej gotuj, mniej wyrzucaj. Z Jagn\u0105 Niedzielsk\u0105 rozmawiamy nie tylko o kuchni.&nbsp;<\/a><\/li>\n\n\n\n<li><a rel=\"noreferrer noopener\" href=\"https:\/\/www.anywhere.pl\/68810\/w-zyciu-mozemy-miec-wszystko-ale-nie-wszystko-w-tym-samym-momencie-wywiad-z-urszula-gacek\/\" target=\"_blank\">W \u017cyciu mo\u017cemy mie\u0107 wszystko! Ale nie wszystko w tym samym momencie. &#8211; wywiad z Urszul\u0105 Gacek<\/a><\/li>\n\n\n\n<li><a rel=\"noreferrer noopener\" href=\"https:\/\/www.anywhere.pl\/66102\/dzisiaj-trzeba-zyc-dzisiaj-wywiad-z-aida-kosojan-przybysz\/\" target=\"_blank\">Dzisiaj trzeba \u017cy\u0107 dzisiaj &#8211; wywiad z Aid\u0105 Kosojan-Przybysz<\/a><\/li>\n\n\n\n<li>\u200b<a href=\"https:\/\/www.anywhere.pl\/62825\/okres-wolny-od-pracy-wywiad-z-elisa-minetti\/\" target=\"_blank\" rel=\"noreferrer noopener\">Okres wolny od pracy &#8211; wywiad z Elis\u0105 Minetti\u00a0<\/a><\/li>\n<\/ul>\n\n\n\n<h2 class=\"wp-block-heading\">Podcasty: <\/h2>\n\n\n\n<ul class=\"wp-block-list\">\n<li><a rel=\"noreferrer noopener\" href=\"https:\/\/open.spotify.com\/show\/1kZBsqigiY7L0TcUfRm9a6\" target=\"_blank\">SYNDROM KRUGERA&nbsp;<\/a><\/li>\n<\/ul>\n","protected":false},"excerpt":{"rendered":"<p>Wysokie Obcasy Ofeminin Anywhere Wywiady: Podcasty:<\/p>\n","protected":false},"author":1,"featured_media":0,"parent":0,"menu_order":0,"comment_status":"closed","ping_status":"open","template":"","meta":{"_monsterinsights_skip_tracking":false,"_monsterinsights_sitenote_active":false,"_monsterinsights_sitenote_note":"","_monsterinsights_sitenote_category":0,"footnotes":""},"class_list":["post-2","page","type-page","status-publish","hentry"],"aioseo_notices":[],"_links":{"self":[{"href":"https:\/\/www.aldonazawada.com\/index.php\/wp-json\/wp\/v2\/pages\/2","targetHints":{"allow":["GET"]}}],"collection":[{"href":"https:\/\/www.aldonazawada.com\/index.php\/wp-json\/wp\/v2\/pages"}],"about":[{"href":"https:\/\/www.aldonazawada.com\/index.php\/wp-json\/wp\/v2\/types\/page"}],"author":[{"embeddable":true,"href":"https:\/\/www.aldonazawada.com\/index.php\/wp-json\/wp\/v2\/users\/1"}],"replies":[{"embeddable":true,"href":"https:\/\/www.aldonazawada.com\/index.php\/wp-json\/wp\/v2\/comments?post=2"}],"version-history":[{"count":14,"href":"https:\/\/www.aldonazawada.com\/index.php\/wp-json\/wp\/v2\/pages\/2\/revisions"}],"predecessor-version":[{"id":337,"href":"https:\/\/www.aldonazawada.com\/index.php\/wp-json\/wp\/v2\/pages\/2\/revisions\/337"}],"wp:attachment":[{"href":"https:\/\/www.aldonazawada.com\/index.php\/wp-json\/wp\/v2\/media?parent=2"}],"curies":[{"name":"wp","href":"https:\/\/api.w.org\/{rel}","templated":true}]}}